common divisor of p and d.
33
Let j be 34 + 0*(0 - 1) - 1. Suppose -5*v + 4*p + 197 = 5*p, -3*p - j = -v. What is the greatest common factor of 9 and v?
3
Let p(k) = 5*k**2 - 151*k - 943. Let s be p(-6). Calculate the greatest common divisor of s and 39.
13
Let f(q) = 61*q + 2. Let i be ((-1)/(-2))/(44/88). Let m be f(i). Calculate the greatest common factor of m and 36.
9
Suppose -5*k - 17*t + 18*t = -215, -k + 5*t + 67 = 0. Suppose k = q + 11. Calculate the greatest common divisor of 341 and q.
31
Let a = 321 + -181. Calculate the highest common factor of a and 98.
14
Suppose 440 = -116*w + 121*w. Suppose -l - t = -w, 3*l + 0*l + 5*t - 264 = 0. Calculate the highest common factor of 8 and l.
8
Let t(c) = -5*c**2 + 142*c + 36. Let v be t(19). Let r = v + -913. Let f be (-338)/(-6) + 2/(-6). Calculate the highest common factor of r and f.
8
Let h(k) = 14*k**2 - 1337*k - 413. Let m be h(97). What is the greatest common divisor of 16 and m?
8
Let u = 26 + -16. Suppose -q + 35 = u. Let c(s) = s**2 - 11*s - 37. Let i be c(-3). What is the greatest common factor of i and q?
5
Suppose 0 = -31*l + 13423 + 9393. What is the greatest common divisor of l and 2668?
92
Let i be ((-14)/(-5))/(6/30). Suppose -i = 3*t - 53. Let g = t + 11. What is the greatest common factor of 16 and g?
8
Let h(c) = -8*c - 3. Let a be h(-3). Suppose 39*r - 180 = a*r. Calculate the greatest common factor of r and 6.
2
Let i(b) = -b**2 + 5*b + 27. Let j be i(8). Suppose 0 = 4*w - j*n - 17, 21*w = 23*w - 5*n - 19. Calculate the highest common divisor of 2 and w.
2
Let u be -49*1/((-4)/(-28)*-1). Suppose -u = 33*w - 40*w. What is the highest common divisor of w and 539?
49
Let u(r) = -12 - 77*r - 13 - 3. Let q be u(-6). What is the highest common divisor of 14 and q?
14
Suppose 10*n = -5*n + 12060. Suppose -6*s - 2*y = -s - n, 3*s = y + 478. Calculate the highest common divisor of 5 and s.
5
Suppose -2*l = 5*p - 5455, -4*p - 2764 = -4*l + 8160. What is the highest common factor of l and 150?
30
Let l = 6239 + -6116. Calculate the highest common factor of l and 7831.
41
Let q be 184 + -70 - -6*8/(-6). Calculate the highest common factor of q and 24062.
106
Let b(c) = c**2 + 21*c + 79. Let i be b(-25). Suppose -16*s = -1101 - i. Calculate the highest common divisor of s and 10.
10
Let p(h) = 19*h + 16. Let i be p(10). Let z = -201 + i. What is the highest common factor of z and 5?
5
Suppose -3*n + 2*n + 1044 = 0. Suppose -17*v - n = -8*v. Let d = -88 - v. What is the highest common divisor of 112 and d?
28
Let j = -93 - -158. Let u = 11 + j. Let s = 251 - 232. Calculate the highest common factor of u and s.
19
Let g be 98 - 0/13 - -7. Calculate the highest common factor of 135 and g.
15
Let r(d) = -3 + 716*d - 734*d - 104. Let g be r(-7). Suppose -3*y + 2*t = -295, -2*t + 51 = 2*y - 129. What is the greatest common divisor of g and y?
19
Suppose 6*t - 5*t - 4*p = -6, 3*p = -t + 8. Let d = 52 - 48. Suppose -5*z - t + 119 = 3*v, 92 = d*z + 4*v. Calculate the greatest common factor of z and 6.
6
Let z be 5 - ((-12)/(-36) + (-235)/3). Suppose 68*g + 420 = z*g. What is the highest common factor of 182 and g?
14
Let c(f) = 2*f**2 - 14*f - 38. Let y be c(12). Let v = 83 - y. Let o be -1 + 1/((-2)/(-10)). Calculate the highest common factor of v and o.
1
Suppose -133*j + j = -1227732. Calculate the greatest common factor of j and 131.
131
Let v = 3198 + -3152. What is the greatest common divisor of 3611 and v?
23
Let y(b) be the second derivative of -b**4/12 - 5*b**3/2 + b**2/2 + 2*b + 11. Let m be y(-13). What is the highest common divisor of 18 and m?
9
Let l(n) = -36*n + 272. Let y be l(8). Let u be 32/(48/6) - y*2. Calculate the greatest common divisor of u and 774.
18
Let p be (-13 - 30/(-6)) + 12. Suppose -3*v = -p*i + 1, -4*v = -i - 9 - 7. Calculate the highest common factor of 45 and v.
5
Let n be (5 - (-42)/(-7))/(2/(-10)). Suppose n*l - 14 = -4*i, 4*l = 5*i - l - 40. Suppose -4*c = -2*c - 30. Calculate the highest common divisor of i and c.
3
Suppose -4*p = 4*b - 0*b + 2920, 2*p = 3*b + 2210. Let c = -706 - b. What is the greatest common factor of 378 and c?
14
Let t = -643 + 1035. Suppose 3*p - 4*b - t = -p, 108 = p + b. Let s be (60/5)/6 - (0 - p). What is the greatest common divisor of s and 15?
15
Suppose 0 = -2*w, 2*b - w - 3243 = 49. Calculate the greatest common divisor of b and 4.
2
Suppose -1430 = 26*i - 81*i. Calculate the highest common divisor of i and 1664.
26
Suppose 4*o - 365 = -5*p + 1358, 2*p - 5*o - 742 = 0. Calculate the highest common factor of p and 837.
27
Let v(q) = q**2 + 155*q + 8356. Let m be v(-76). Calculate the highest common factor of 1911 and m.
147
Let u(f) = 24*f + 98. Let q be u(5). Let a = 299 - q. Calculate the greatest common divisor of 729 and a.
81
Suppose -12*i + 3 = -21. Suppose -32 = -i*d + 4*l, 4*d - 3*l - l = 44. Let f be 0 - d/(-2) - (1 + -1). Calculate the greatest common factor of 24 and f.
3
Let i = -4 - 6. Let t(k) = -12 + 62 - 3 - 19 + k. Let m be t(i). Calculate the greatest common divisor of m and 198.
18
Suppose -n + 2*q = -5, -8*n + 2*q = -3*n - 33. Let a = 11 - 8. Suppose -16 = -a*x + 47. What is the greatest common factor of n and x?
7
Suppose -78759 - 29776 - 199625 = -12*c. What is the highest common factor of c and 240?
240
Let h = 97 + 23. Let g be 1 + 11 + ((-7344)/(-24) - 18). What is the greatest common divisor of h and g?
60
Suppose -s - 3*p + 147 = 2*s, -7*s = -4*p - 288. Calculate the highest common divisor of 1342 and s.
22
Let r be ((-12)/15)/(2/(-70)). Suppose 0 = 13*j - r - 50. Calculate the greatest common factor of j and 18.
6
Let p(w) = 192*w**2 - w + 1. Let u be p(1). Suppose -11*g - 348 + 1206 = 0. Let r = u - g. What is the greatest common factor of 76 and r?
38
Let k = -1801 + 1882. Let l(a) = 5*a**2 + 2*a + 1. Let x be l(-5). Let f = x - k. Calculate the highest common divisor of f and 7.
7
Let l be 955/45 + (1 - 33/27). Suppose 2045 = -l*b + 7295. Calculate the greatest common divisor of 150 and b.
50
Let h = -1819 + 1843. What is the highest common factor of h and 486?
6
Let z(n) = n**2 + 4*n - 2. Let c be z(-5). Suppose -47*o + 41*o + 720 = 0. Suppose -23*u - o = -33*u. Calculate the highest common factor of u and c.
3
Let t = 113 + -103. Suppose t*c - 1071 = c. Calculate the greatest common divisor of c and 17.
17
Let j(p) = -3*p + 52. Let v be j(19). Let d(k) = -3*k + 9. Let u be d(v). Suppose 2*t - 21 + 5 = 0. Calculate the greatest common divisor of u and t.
8
Let c = -13080 + 24258. Calculate the highest common factor of 552 and c.
138
Suppose 2*o = 6*o + 2*k + 8, 0 = -o + 5*k + 20. Suppose 4*l + 2*v - 80 = o, v - 2*v = -l + 14. Let q = l - 4. Calculate the highest common factor of q and 14.
14
Suppose -13*g = 5*g + 486. Let n be (-5)/(-3) + (-2223)/g. What is the greatest common divisor of 30 and n?
6
Let a be ((-237)/21)/((-2)/14). What is the greatest common divisor of 15721 and a?
79
Suppose 0 = 11*h - 3479 - 3099. Let w be h - ((-2)/(-5) - (-108)/(-45)). Calculate the highest common divisor of w and 30.
30
Let s = -9369 + 9397. Calculate the highest common factor of 10276 and s.
28
Suppose 5*s + 102*x - 105*x - 19026 = 0, -5*s + 19044 = 3*x. Calculate the highest common factor of 324 and s.
81
Suppose -14268 = -3*b - 2*t, -19020 = -31*b + 27*b - 2*t. Calculate the highest common divisor of b and 352.
176
Let l(q) = -q**3 + 15*q**2 + 15*q + 39. Let a be l(14). Let b = a + -309. Calculate the highest common factor of b and 64.
8
Let f(h) = h**2 - 32*h - 228. Let z be f(68). Calculate the greatest common divisor of 296 and z.
148
Suppose -22 = -4*x + 5*w, 0 = x + w - 1. Suppose 0 = 2*s - f - 41, -5*f - 16 = -4*s + x*s. Calculate the highest common factor of 483 and s.
21
Suppose 38*o - 7733 = 19*o. What is the highest common divisor of o and 481?
37
Let f = 329 - 307. Let v(k) = k**2 - 24*k + 56. Let y be v(f). Let d(q) = -47*q + 4. Let n be d(-4). Calculate the greatest common divisor of y and n.
12
Let i be (-2)/(-13) + 19/(2470/500). Let d(m) = -m**3 + 9*m**2 + 8*m - 1. Let k be d(-1). What is the greatest common factor of i and k?
1
Suppose 1843 + 91 = 6*u + 2*f, -5*u = -f - 1625. What is the greatest common divisor of 1377 and u?
81
Suppose 695 = 4*t - 5*l, 86*l = 83*l + 3. Let q be